ase 6?
-34003
What is -1312020 (base 6) in base 16?
-1182c
-454003 (base 6) to base 7
-220050
Convert -22207 (base 10) to base 2.
-101011010111111
Convert 2166 (base 8) to base 3.
1120022
-21 (base 14) to base 4
-131
Convert 13552 (base 7) to base 3.
12002111
Convert -21313 (base 5) to base 9.
-2000
Convert -121130 (base 4) to base 5.
-23003
What is -22201022 (base 3) in base 2?
-1100011010001
What is -1327 (base 16) in base 5?
-124103
Convert 430 (base 10) to base 9.
527
What is 110000101110111 (base 2) in base 13?
b484
Convert 270 (base 16) to base 9.
763
6993 (base 16) to base 12
13783
2202212121 (base 3) to base 13
1bac9
-345 (base 13) to base 14
-2c4
123a (base 12) to base 6
13314
What is 17bd9 (base 14) in base 3?
10001021011
-158 (base 13) to base 15
-112
Convert -242023 (base 5) to base 6.
-105421
Convert -701 (base 16) to base 3.
-2110102
Convert 24589 (base 10) to base 6.
305501
Convert -1223 (base 5) to base 7.
-356
What is -2236 (base 7) in base 14?
-41d
-20002 (base 3) to base 7
-323
-30 (base 5) to base 3
-120
Convert -370a (base 13) to base 8.
-17150
108b (base 15) to base 8
6662
Convert -1110000110011001 (base 2) to base 10.
-57753
Convert -111010110111 (base 2) to base 15.
-11b2
-f3 (base 16) to base 6
-1043
What is -1 (base 2) in base 13?
-1
29d (base 14) to base 10
531
What is -c9c6 (base 13) in base 9?
-42423
What is 27a2 (base 16) in base 6?
114550
345013 (base 6) to base 5
1421401
Convert -3416 (base 8) to base 9.
-2426
What is -2001120121 (base 3) in base 12?
-1b544
Convert -155c (base 13) to base 2.
-110000101111
122000220 (base 3) to base 13
5862
Convert -115424 (base 8) to base 11.
-27911
What is b1 (base 12) in base 11?
111
What is -76756 (base 9) in base 3?
-2120211220
958 (base 12) to base 4
111110
Convert -1000011111000100 (base 2) to base 12.
-18144
-3102 (base 8) to base 15
-71c
4450 (base 9) to base 16
cd5
2742 (base 14) to base 4
1230012
What is -1b91 (base 13) in base 5?
-113144
1165 (base 8) to base 12
445
Convert ae3e (base 15) to base 3.
1212200212
-189 (base 12) to base 4
-3321
What is 1365 (base 8) in base 15?
357
Convert a572 (base 12) to base 14.
683c
Convert 516 (base 11) to base 6.
2514
6221 (base 7) to base 9
2872
What is -1021201 (base 3) in base 15?
-427
11223000 (base 4) to base 7
124506
32d4 (base 16) to base 5
404022
231112 (base 4) to base 11
21a9
233454 (base 8) to base 4
103130230
What is -280 (base 12) in base 16?
-180
Convert -111121 (base 4) to base 6.
-10201
-1153 (base 15) to base 6
-25010
Convert -117a3 (base 12) to base 11.
-16800
18a (base 14) to base 10
318
Convert 1000 (base 6) to base 3.
22000
-242 (base 16) to base 4
-21002
-1046 (base 9) to base 16
-303
What is 22368 (base 11) in base 13?
1197b
-1305 (base 7) to base 13
-2c1
Convert -64a (base 13) to base 12.
-758
112002221 (base 3) to base 12
5b51
Convert 993 (base 10) to base 4.
33201
What is -694 (base 15) in base 14?
-785
What is -467 (base 12) in base 15?
-2da
What is 344 (base 9) in base 8?
433
What is 502 (base 11) in base 9?
744
What is 11000101 (base 3) in base 16?
b6e
Convert -463e (base 15) to base 14.
-560d
What is -220113 (base 4) in base 10?
-2583
What is 1ca (base 15) in base 7?
1132
What is -54810 (base 10) in base 3?
-2210012000
Convert 81832 (base 9) to base 7.
313061
What is 574 (base 10) in base 13?
352
-2062 (base 11) to base 7
-10650
What is -5642 (base 8) in base 11?
-2268
What is 1100001 (base 2) in base 8?
141
What is -100303 (base 4) in base 16?
-433
What is 5893 (base 14) in base 5?
443132
Convert 9227 (base 10) to base 15.
2b02
What is -d59 (base 15) in base 7?
-11526
32032 (base 4) to base 15
40a
Convert 71a (base 14) to base 8.
2564
103101021 (base 4) to base 11
54327
-bb4 (base 16) to base 10
-2996
Convert 35a (base 16) to base 8.
1532
Convert -21111 (base 4) to base 6.
-2433
What is -6811 (base 12) in base 13?
-5332
43012 (base 5) to base 15
cc2
What is 12001 (base 6) in base 4?
123001
What is -1010100 (base 2) in base 15?
-59
What is -29e (base 15) in base 4?
-21113
110100010 (base 2) to base 3
120111
1000101001011001 (base 2) to base 4
20221121
What is -422 (base 6) in base 13?
-c2
Convert -132100 (base 4) to base 16.
-790
What is 30034 (base 9) in base 6?
231134
3a51 (base 13) to base 4
2002123
What is 311210 (base 4) in base 9?
4628
What is -11010000110 (base 2) in base 7?
-4604
What is -1130430 (base 6) in base 4?
-32101302
-31332 (base 6) to base 12
-2548
What is -2b75 (base 15) in base 10?
-9335
What is 13202 (base 7) in base 13?
17b7
Convert -3253 (base 6) to base 4.
-23301
What is -1234330 (base 5) in base 7?
-130651
Convert -8543 (base 14) to base 13.
-a607
111 (base 2) to base 5
12
Convert 649 (base 16) to base 7.
4456
What is 13 (base 5) in base 7?
11
-663 (base 10) to base 5
-10123
What is -238 (base 12) in base 11?
-282
What is 8256 (base 10) in base 13?
39b1
Convert -100220102 (base 3) to base 8.
-16064
-1021012 (base 3) to base 9
-1235
Convert 436 (base 11) to base 2.
1000001011
Convert 522 (base 6) to base 4.
3002
331 (base 11) to base 5
3042
What is -200102 (base 3) in base 13?
-2c3
What is 51643 (base 7) in base 8?
30601
35478 (base 9) to base 2
101110010101011
What is -8441 (base 9) in base 13?
-2a85
What is -101111111011001 (base 2) in base 14?
-8d29
562 (base 10) to base 9
684
What is 10001111110011 (base 2) in base 12?
53ab
What is -3b47 (base 13) in base 10?
-8509
7213 (base 9) to base 15
186c
-627 (base 11) to base 10
-755
Convert -b2e (base 16) to base 6.
-21130
Convert 133341 (base 5) to base 3.
21111122
Convert 3431344 (base 5) to base 15.
13334
Convert ab3 (base 12) to base 4.
120213
What is -1122220 (base 3) in base 15?
-55c
Convert -1740 (base 8) to base 16.
-3e0
Convert 7551 (base 8) to base 13.
1a46
What is -15b (base 16) in base 14?
-1ab
-5999 (base 13) to base 4
-3011120
-113 (base 10) to base 11
-a3
Convert -1111 (base 6) to base 5.
-2014
-6135 (base 8) to base 11
-2418
What is 923 (base 13) in base 8?
3016
Convert -d2 (base 15) to base 11.
-16a
What is 2b0 (base 14) in base 16?
222
-349 (base 16) to base 4
-31021
-1044241 (base 5) to base 15
-5816
What is -62652 (base 7) in base 11?
-10651
Convert -725 (base 9) to base 2.
-1001001110
What is -311344 (base 5) in base 11?
-7755
What is -1165 (base 10) in base 9?
-1534
1031 (base 6) to base 14
12b
Convert -2d3 (base 14) to base 16.
-241
Convert 61160 (base 8) to base 2.
110001001110000
Convert -10011100111 (base 2) to base 10.
-1255
Convert 101240 (base 5) to base 6.
23212
What is -8672 (base 11) in base 4?
-2302331
Convert -1111010011111110 (base 2) to base 10.
-62718
753 (base 14) to base 4
112211
95 (base 16) to base 15
9e
-7074 (base 8) to base 6
-24512
-db4 (base 16) to base 13
-179b
What is 1120100100 (base 3) in base 6?
354530
Convert 105661 (base 7) to base 11.
13195
c11 (base 14) to base 13
1101
Convert 7393 (base 16) to base 14.
aad5
Convert 2bba (base 13) to base 10.
6406
Convert c876 (base 14) to base 7.
202606
401 (base 5) to base 4
1211
Convert -429 (base 13) to base 2.
-1011000111
-292 (base 10) to base 12
-204
-122322 (base 4) to base 12
-bb6
Convert -2145 (base 8) to base 12.
-799
Convert -10202301 (base 4) to base 11.
-12a88
Convert 10033 (base 4) to base 12.
1a7
What is -54535 (base 6) in base 7?
-31001
What is 4630 (base 10) in base 12?
281a
What is -1011012120 (base 3) in base 16?
-58dd
43526 (base 7) to base 9
15848
What is 491 (base 13) in base 11?
662
Convert -11031320 (base 4) to base 12.
-10448
945 (base 16) to base 6
14553
What is 2321 (base 6) in base 4?
20221
-100110001010 (base 2) to base 5
-34232
What is -23702 (base 9) in base 11?
-10a25
2744 (base 11) to base 14
1421
What is -10113 (base 5) in base 15?
-2dd
Convert c0 (base 16) to base 15.
cc
What is 40362 (base 8) in base 10?
16626
What is -2023232 (base 4) in base 13?
-40bb
What is -101010000101 (base 2) in base 13?
-12c2
213210 (base 7) to base 12
195b9
Convert -4343 (base 5) to base 9.
-734
What is -846 (base 11) in base 3?
-1101201
Convert 100030 (base 4) to base 7.
3010
Convert -7fa (base 16) to base 10.
-2042
What is 1b6 (base 16) in base 9?
536
Convert 39f7 (base 16) to base 12.
8707
What is 24131 (base 5) in base 12?
1053
Convert 7a4 (base 11) to base 14.
4c9
What is -445 (base 11) in base 13?
-320
2010001100 (base 3)